hat is the highest common divisor of h and q?
3
Let q = -30 - -42. What is the highest common factor of 132 and q?
12
Suppose 2*v = v + 72. Let m = v + -36. What is the greatest common divisor of m and 24?
12
Let c = 7 + -13. Let u be 0 - (c/2 + -19). Calculate the highest common factor of u and 176.
22
Suppose -6*g + 84 = -2*g. Let l be g/(-4)*40/(-15). What is the highest common divisor of 21 and l?
7
Let t be 20/(0 - 5)*5/(-4). Let c(y) = 2*y**2 - 2*y + 1. Let q be c(1). Let n be -2*(q + (-16 - 0)). Calculate the greatest common factor of t and n.
5
Suppose 116*v + 3 = 117*v. What is the highest common factor of 9 and v?
3
Let z = 269 + -451. Let g = 347 + z. What is the greatest common divisor of 15 and g?
15
Let l be (-15)/2*(-4)/3. Let t be 6 + -4 - (-89 + 1). What is the highest common divisor of t and l?
10
Suppose 4*y - 3*y - 8 = -2*i, 0 = -4*i - 5*y + 22. Suppose w - 3 = -5*z - 0*z, 4*w + 5 = -3*z. Calculate the greatest common factor of i and z.
1
Let q(n) = 4*n + 35. Let a be q(-8). Let m be (-2)/(-4) - (-58)/4. Calculate the highest common divisor of m and a.
3
Let g = -13 - -34. Suppose 0 = 4*i - 108 + 24. What is the highest common divisor of i and g?
21
Let i = 6 - -6. Calculate the greatest common divisor of i and 6.
6
Suppose -7*y - 72 = -184. What is the highest common divisor of y and 176?
16
Let y(p) = p**3 + 7*p**2 + p - 2. Let w be y(-3). What is the greatest common factor of w and 155?
31
Suppose -5*d + 80 = -d. Suppose -4*o - j = -161, 2*j - 81 = -2*o + j. What is the greatest common factor of d and o?
20
Let n = 13 + -8. What is the greatest common divisor of 2 and n?
1
Let o(a) = a + 10. Let w be o(-10). Suppose w = 5*g + 9 - 74. What is the highest common divisor of g and 104?
13
Suppose -l - 43 = -47. What is the highest common divisor of l and 32?
4
Let z(j) = -j**2 - 15*j - 5. Let a(u) = 4*u + 2. Let n be a(-3). Let r be z(n). Let o be (-1 + 11 - 1)*1. What is the greatest common factor of r and o?
9
Let r(j) = 6*j - 2. Let c be r(1). Suppose 5*w = w - 12, 3*w + 29 = 5*t. Calculate the greatest common factor of c and t.
4
Suppose 2*s - 2*u = -s + 352, 4*u + 344 = 3*s. Calculate the greatest common divisor of 48 and s.
24
Let r(j) = -j**3 - 5*j**2 - 4*j + 4. Let q be r(-4). Suppose q*t - 65 - 63 = 0. Calculate the highest common factor of t and 16.
16
Let q = -8 - -29. Calculate the greatest common divisor of q and 14.
7
Let b(v) = -v**3 - 4*v**2 - 3*v - 3. Let p be b(-4). Calculate the highest common factor of p and 9.
9
Let z be 14/(-4)*(-18 - -10). Calculate the highest common divisor of 28 and z.
28
Suppose 4*i = f + 1200, f + 607 = -5*i + 2116. Suppose i = 2*w - 5*p - 68, 3*w - 561 = 5*p. What is the greatest common factor of w and 24?
24
Let y(d) = d**2 + d - 9. Let m be y(-18). Calculate the greatest common factor of m and 33.
33
Let z be (-18)/(-3) + -1*2. Let q be z/18 - (-626)/18. What is the greatest common factor of q and 7?
7
Suppose 3*p - p = 0. Let z be 0 - p - 90/(-5). Calculate the highest common factor of z and 6.
6
Let m be 2/(-3)*63/(-14). Suppose 0 = -2*g - 3*q + 5, 5*g - m*q - 21 - 2 = 0. Let d be (-2 + 1)/((-3)/24). What is the highest common factor of d and g?
4
Let b(a) = a**2 - a + 27. Let w be b(0). Suppose -w = 3*u - 81. Let v = 55 - 28. Calculate the highest common factor of u and v.
9
Let z = -40 + 57. Let b = 151 - -30. Let n = b - 79. What is the greatest common factor of n and z?
17
Let j be 444/14 - 16/(-56). What is the greatest common divisor of j and 16?
16
Let k = 11 - -13. Let g = 48 - k. Calculate the greatest common divisor of g and 3.
3
Let p(u) = u**2 + 2. Let y be p(8). What is the highest common factor of 6 and y?
6
Suppose -3*z = -2*f - 107, 5*z - 5*f = -3*f + 181. What is the greatest common factor of 185 and z?
37
Suppose d - 21 - 54 = -5*o, -205 = -4*d - o. Calculate the greatest common divisor of d and 10.
10
Let s = -3 + 4. Let h(k) = -k**2 + k**3 + 9 - s - 2*k**3. Let n be h(0). What is the greatest common divisor of 16 and n?
8
Suppose 4*t + t + 3*x = 23, 2*x = t - 2. Let i = t - 6. Let r be 100/12 + i/6. What is the highest common divisor of r and 8?
8
Let n(h) = h. Let j be n(2). Suppose -7*i + 25 = -j*i. Let v = 58 + -23. What is the highest common divisor of i and v?
5
Let u(l) = 19*l. Let s be u(2). Suppose 2*y = 4*y - s. Calculate the greatest common divisor of 152 and y.
19
Suppose -16*j = -138 + 26. Let z(h) = 3*h + 1. Let n be z(2). What is the greatest common divisor of j and n?
7
Let g be ((-276)/(-7))/(0 + (-10)/(-105)). Calculate the highest common factor of 18 and g.
18
Suppose 3*r - 70 = -o, 3*o = -2*r + o + 44. Calculate the greatest common factor of 8 and r.
8
Suppose 3*x - 210 = 2*g, 3*g + g = -3*x + 228. Calculate the greatest common divisor of 9 and x.
9
Suppose -i = 4*i. Suppose b = -4*q + 22, 9 = -i*q + 3*q. What is the greatest common factor of 20 and b?
10
Suppose -3*w + 24 = 3*y, -7*w + 2*w = 2*y - 37. Suppose -2*n + 6*n - 92 = 0. Let a = n + -16. Calculate the greatest common factor of a and w.
7
Suppose -7 = x - k - 26, -5*k + 7 = x. Calculate the highest common divisor of 85 and x.
17
Suppose 1 = -2*p - 5. Let z(f) = 5*f**2 - 2*f + 3. Let b be z(p). Let l be 1*(-1 - -2)*6. Calculate the greatest common divisor of l and b.
6
Suppose 0 = 2*b - 6 - 24. What is the highest common divisor of b and 165?
15
Let o be 6/(-4)*4/2 - -26. Calculate the greatest common factor of 184 and o.
23
Suppose 4*q = -o - 2*o + 56, -o = -3*q - 36. What is the greatest common divisor of o and 36?
12
Let z = 5 - -4. Suppose 2*i + 2*a = 136, -i + 29 = -3*a - 55. What is the highest common factor of i and z?
9
Let v = 24 + -1. Calculate the greatest common divisor of v and 46.
23
Let k = 3 + 0. Let x be ((-2)/k)/((-6)/(-18)). Let p(m) = -2*m + 2. Let t be p(x). Calculate the greatest common divisor of t and 9.
3
Let i(c) = 3*c**2 - 4*c**2 + c**2 - 2*c**2. Let f be i(-1). Let k be (f/4)/((-5)/190). Calculate the highest common divisor of 209 and k.
19
Let c be (8/(-2) + 3)*2. Let o = 7 + c. What is the greatest common divisor of 45 and o?
5
Suppose -k + 3 + 1 = 0. Suppose 4*g - 153 - 52 = -5*t, -160 = -4*g + k*t. Let u be (-21 - -3)/(1*-1). Calculate the greatest common factor of g and u.
9
Let p(b) = b**3 - 8*b**2 + 4*b - 9. Let j be p(8). What is the greatest common divisor of j and 23?
23
Let w(s) = s + 1. Let l be w(-2). Let g be l/1 + -2 + 24. What is the greatest common factor of 231 and g?
21
Let g = 165 + -99. What is the highest common divisor of g and 22?
22
Let t be -1 + 12 + (-5 - -6) + 2. Calculate the highest common divisor of t and 14.
14
Suppose -3*t - 4*n = -7*n - 603, 0 = -4*t + 5*n + 805. Let i be 26 - 1/(1/1). What is the highest common divisor of t and i?
25
Suppose 4*l = -n - 21, l = -3*l + 2*n - 30. Let v = -7 - l. Let x be (v + 1 - -2) + 42. What is the greatest common divisor of x and 22?
22
Suppose -4*r = 5*n + 7, 0 = 4*r - 3*n - 6 - 11. Suppose -2*z - 3*b + 0 = r, 3*z = 5*b + 35. Calculate the highest common divisor of 10 and z.
5
Suppose p = 3*p - 16. Let m be (-564)/(-18) - 6/(-9). What is the highest common divisor of p and m?
8
Suppose 3*q + 12 = -0*p + p, 5*p + 2*q - 60 = 0. Let t be (-254)/(-7) + (-14)/49. Calculate the greatest common factor of p and t.
12
Suppose w - 16 = -3*a, -2*w - a + 32 = a. Suppose 0 = 5*u - 5 - 20. Let k(p) = 8*p**2 - 5*p + 1. Let z be k(u). What is the greatest common factor of z and w?
16
Let b(y) = y**2 - y + 5. Suppose -10 = 3*t - 5*s, 2*t + 2 = 3*s - 4. Let a be b(t). What is the highest common divisor of 15 and a?
5
Suppose 12*w - 8*w - 140 = 0. Calculate the greatest common factor of w and 28.
7
Let k be 0 + (-3 - (-6)/1). Suppose k*d - 2*x = 70, -3*d + 3 + 59 = 2*x. Let c = 47 - d. What is the greatest common factor of 5 and c?
5
Let m(x) = -x + 3. Let c be m(8). Let h be (8/c)/(6/(-30)). What is the greatest common factor of h and 40?
8
Suppose 5 + 3 = 2*j. Suppose 12 = u - 0*u. Suppose 0*y = 3*y + u, 0 = -l - j*y - 9. Calculate the highest common divisor of l and 21.
7
Let f = 138 - -46. What is the greatest common factor of 23 and f?
23
Let o be -2 + 1 + 21/1. Calculate the highest common divisor of 50 and o.
10
Let o(k) = -2*k + 3. Let h be (2*5)/(3/3). Let q = 7 - h. Let f be o(q). What 